 Let s(x) be the first derivative of r(x). What is s(3)?
-5
Let t(h) = -4*h**3 + h**2 - 6*h - 1. Let l = -16 - -19. Let u(q) = 11*q**3 - 4*q**2 + 17*q + 2. Let r(v) = l*u(v) + 8*t(v). Calculate r(4).
10
Let x = 20 + -24. Let a(b) = b + 6. Determine a(x).
2
Let z(s) = -9*s**2 - s + 1. Let c(v) = 4*v**2 + v. Let o(h) = -7*c(h) - 3*z(h). Calculate o(-3).
0
Let h(w) be the third derivative of -w**6/360 + w**5/60 + w**4/24 - 4*w**2. Let j(r) be the second derivative of h(r). Give j(-2).
6
Let w be 10/(-30)*(-16 - -1). Suppose 3*b = -j - 3*j - 18, 3*j - 2*b = -w. Let s(d) = d**3 + 5*d**2 + 5*d + 4. Calculate s(j).
7
Let z = -10 - -5. Let c(l) = -15*l - 4. Let t(r) = 10*r + 3. Let d(f) = z*c(f) - 7*t(f). What is d(1)?
4
Let d(w) be the second derivative of -w**3 - 4*w**2 - w. Let a(q) = -5*q - 7. Let g(i) = 7*a(i) - 6*d(i). Let t be (6 - 2)/((-2)/(-1)). Determine g(t).
1
Let d = 21 - 17. Let g(m) = -2*m + 1 - 9*m + 0 + 9*m. Determine g(d).
-7
Suppose -a + 4*f + 6 + 1 = 0, -a = 3*f. Let m(c) = -c**2 + c - 1. Determine m(a).
-7
Let c = 15 - 12. Let o(a) = 2*a + 3 - 5 + 2 - c. Calculate o(-4).
-11
Let z(f) = -3*f**2 + f**3 - 1 - 9 - 2*f + 11. Let t be (-2)/(-3) + 20/6. What is z(t)?
9
Let f(t) = t**3 + 3*t**2 + 2. Suppose -3*h + 50 = -10. Suppose 0 = -5*a + m - h, a - 4*m = -2*a - 29. What is f(a)?
2
Let j(l) = l**2 - 6*l + 6. Suppose 23*i - 92 = -0*i. Calculate j(i).
-2
Let v(b) = -2 - 3*b + 5*b - 4*b + b**2 + 9. Let w(j) = -j + 3. Let n(l) = -2*v(l) + 5*w(l). What is n(1)?
-2
Let n(f) = f - 8. Let c(x) = -x**2 + 5*x - 2. Let r be c(5). Let a be 2 - (r - (-4)/(-2)). Give n(a).
-2
Let c(a) be the third derivative of -a**6/120 - a**5/12 + a**4/12 + a**3 + 14*a**2. What is c(-5)?
-4
Let d(z) = -z - 11*z**2 + 34 + 10*z + z**3 - 22. Let h be d(10). Let m(n) = n - 2. Calculate m(h).
0
Let q(k) = -2*k + 9. Let d be q(2). Let u(r) = r**3 - 4*r**2 - 3*r - 5. Give u(d).
5
Let u(b) = -b - 1. Let z(x) = x**2 + 2*x + 1. Let t be z(-4). Let q = t + -5. Let w be u(q). Let s(p) = p**3 + 5*p**2 - p - 1. Calculate s(w).
4
Let z(i) = i**2 + 3*i - 3. Let b be z(-5). Let r(o) = o - 7. Let f be r(b). Let d(n) = -2*n + f*n**2 - 1 - 3*n**2 + n. Calculate d(-1).
-3
Let b = 5 + 0. Let f(s) = s + b + 0*s + 0*s. What is f(-5)?
0
Let u(g) be the second derivative of g**4/12 + 5*g**3/6 + 2*g**2 + 12*g. Determine u(-5).
4
Let o(r) = 2*r**3 - 3*r**2 + 7*r + 9. Let m(s) = -s**3 + 2*s**2 - 3*s - 4. Let a(v) = -5*m(v) - 2*o(v). Suppose -72 = -4*b + b. Let j = 27 - b. What is a(j)?
-4
Let m(x) = -x**2 + 6*x + 10. Let u be m(7). Let g(i) be the third derivative of -1/4*i**4 + 1/60*i**5 + 0 + i**2 + 0*i - 1/6*i**3. What is g(u)?
-10
Let l(w) = 24*w - 40*w + 25*w. Calculate l(-1).
-9
Let z(j) = j + 1. Let o(q) = -2*q**2 - 13*q - 11. Let t(v) = v**2 + 6*v + 5. Let y(x) = 6*o(x) + 13*t(x). Let p be y(3). Suppose -2*d = 2*d + p. Determine z(d).
-1
Let a(j) be the first derivative of -j**4/4 + j**3/3 + 2*j**2 + 3*j - 19. Suppose 6 = -b - 2*b + 2*v, 2*v + 4 = -2*b. Give a(b).
7
Let t(h) = h**3 + 4*h**2 - 6*h - 3. Let c be t(-5). Let r(k) be the second derivative of -k**3/2 - k**2/2 + 17*k. Determine r(c).
-7
Let s(w) = w**2 - 7*w. Suppose -2*v - 4 = -14. Give s(v).
-10
Let y(f) = -f**2 + 15*f + 30. Let l be y(17). Let m(j) = -j**3 - 3*j**2 + 4*j + 6. Determine m(l).
6
Let w(g) = -2*g**2 - 3*g + 13. Let d(u) = -u**2 - u. Let k(z) = -3*d(z) + w(z). Let s = -16 - -16. Calculate k(s).
13
Suppose 4*m = o - 9, -8*o = -3*o - m - 7. Let h(r) = r**2 + 4*r + 2. Let k(u) = -u - 1. Let i(q) = o*h(q) - 4*k(q). What is i(-6)?
-6
Let f(c) = c**2 - 5*c. Let n be f(5). Suppose 4*x + n*x + 20 = 0. Let b(r) = -4 - 90*r - r**3 + 9 - 6*r**2 + 85*r. Calculate b(x).
5
Let g(j) = 3*j - 2. Let k(n) = -7*n + 4. Suppose 15*u - 45 = 10*u. Let h(d) = u*g(d) + 4*k(d). Give h(2).
-4
Let i(v) = -v + 6. Let j(k) be the second derivative of -k**3 + 15*k**2 - 4*k. Let t(s) = 11*i(s) - 2*j(s). Give t(-6).
0
Let f(n) = n**2 - 43 + 0*n**2 + 12*n + 56. Determine f(-9).
-14
Let m be (-4)/(0 - 2/1). Let o(n) = -m*n**2 + 2*n**2 - 2 + n**2 - 4*n. Determine o(4).
-2
Suppose 2*n - n = 5. Let q(w) = n*w**3 - 4*w**3 - w + 5*w**3 + w**2. Give q(1).
6
Suppose 5*y + 3*l = 6 - 23, 0 = -l + 1. Let a(v) = v**2 + v - 5. Let f be a(y). Let s be f + 0 + 3 + -4. Let c(r) = -r - 1. Calculate c(s).
-7
Let w = 7 + 0. Suppose -w = -3*z + 2. Suppose 4 - 19 = z*h. Let f(c) = -c - 10. Calculate f(h).
-5
Suppose -8 = -4*f + 8. Let h(k) = 5 + 2*k**2 + k**2 - 2*k**2 + 0*k**2 - 5*k. Determine h(f).
1
Let c = -175 + 170. Let k(g) = -g**2 - 4*g + 7. Determine k(c).
2
Suppose -4*i + 0*i = -52. Let z(v) = 31 - 16 - i - 3*v. What is z(-2)?
8
Let s(f) = -6*f**2 + 2*f - 1. Let a(b) = -7*b**2 + 3*b - 2. Let z(o) = -5*a(o) + 6*s(o). Let g = -18 + 11. Let n = g + 2. Determine z(n).
-6
Let u = -11 - -10. Let a(v) = -v**3 + 4*v - 10. Let y(h) = h**2 - h + 1. Let w(x) = u*a(x) - 6*y(x). Determine w(5).
-11
Suppose 2*c + 3 = -7. Let u(t) be the first derivative of -t**2 - 4*t - 6. Calculate u(c).
6
Let z(p) = p**3 - 6*p**2 - 8. Suppose -c = 5*l - 0 - 26, 4*c - 2*l = 16. Determine z(c).
-8
Let c(q) = -q - 29. Suppose 3 = 7*h + 3. Calculate c(h).
-29
Let i(u) = 0 - 6*u**2 + 40*u + 3*u**2 - 38*u + 2. Suppose -3*s + 9 - 3 = 0. What is i(s)?
-6
Let q(k) = -k**3 + 3*k**2 - k + 3. Suppose -2*p - 55 = 3*p. Let i = -8 - p. Calculate q(i).
0
Suppose -2 = t - 4. Let l(p) = -2 - p + 10 - t. Determine l(5).
1
Let x(p) = -2*p**2 + 2*p. Let j(z) = z. Let y(u) = -u**2 - 2*u - 2. Let m be y(-3). Let a(k) = m*j(k) + x(k). Calculate a(-2).
-2
Let h = 1 + -1. Let g(c) = 23*c - 7 - 50*c + 26*c. Give g(h).
-7
Let m(n) be the third derivative of n**6/120 - n**5/15 - 7*n**4/24 + n**3/2 + 27*n**2. Determine m(5).
-7
Suppose 4*x + 6 = -q, -3*q + 2*x + 12 = q. Let s = q + 1. Let n(d) be the third derivative of d**6/120 - d**5/20 + d**4/12 - d**3/3 + d**2. Calculate n(s).
4
Let i(s) = 3*s**2 + 105*s**3 + 1 + 3*s - 104*s**3 + 1. What is i(-2)?
0
Let m(t) = -t**3 - 5*t**2 - t - 7. Let b be (-26)/13 - 3*1. Give m(b).
-2
Let q(w) = 5*w + 4. Let b(f) = -6*f - 4. Let t(o) = -4*b(o) - 5*q(o). Let x(l) = l**3 + 3*l**2 + l + 1. Let h be x(-2). Determine t(h).
-7
Suppose 4*z = 2 - 10. Suppose 9*a - 24 = -69. Let s be (a/z)/(1/(-2)). Let c(y) = -y**3 - 6*y**2 - 6*y - 4. Determine c(s).
1
Let a(h) = -2*h**2 - 2*h + 1. Let t(o) = o. Let q be t(-7). Let y = 5 + q. Determine a(y).
-3
Let z(u) = 3*u + 7. Let f(m) = -8*m - 20. Let y(p) = 4*f(p) + 11*z(p). Determine y(4).
1
Let t be (-12)/2 + 6/2. Let q = 5 + t. Let l(p) = p**2 - 9*p - 4. Let u(n) = -8*n - 3. Let w(a) = q*l(a) - 3*u(a). What is w(-4)?
9
Let n be (1 - 2) + 1 + 1. Let j(u) = 2*u**3 + 2*u - 1. Calculate j(n).
3
Let t(l) = -9*l**3 + l**2 + 2*l + 6. Let m(p) = 4*p**3 - p - 3. Let b(g) = 7*m(g) + 3*t(g). Calculate b(-3).
0
Let w(f) = -4*f**3 + f - 1. Let c be w(1). Let u(p) = 4*p**2 - 9. Let y(r) = 3*r**2 + r - 8. Let m(d) = c*u(d) + 5*y(d). What is m(5)?
-4
Let w(g) = -g - 10. Let u be w(-8). Let c(x) = -x**2 + x + 2*x - x. Determine c(u).
-8
Let b(z) = 2*z - 1. Let c be b(2). Suppose 6 = -0*n - c*n. Let u(o) = -2*o**2 + o + 1. What is u(n)?
-9
Let r(z) = 1 + 4 - 58*z + 55*z. Determine r(6).
-13
Let d(w) = 4*w**2 + 1. Let t = 11 + -11. Let x be -3 - (12 + t)/(-3). Determine d(x).
5
Let c = -1 - -3. Let a(o) = -4 - 5*o**c + 2 - o**3 + 3. Let f = -10 + 5. Give a(f).
1
Let j(n) = 0*n**2 + 2 + n + 0*n + n**3 + 0*n**3 + 2*n**2. Let y(l) = l**3 + 4*l**2 + 4*l + 1. Let b be y(-3). What is j(b)?
0
Let n(s) = -6*s - 1. Let d(x) = -x + 5. Let h be d(3). Let b = -1 + h. Determine n(b).
-7
Let s(b) = b**3 - 2*b - 3. Suppose 5*u = -5 + 25. Let q = u - 5. Let x(r) = r**3 - r**2. Let c be x(q). What is s(c)?
-7
Let m = 11 + -8. Let t be (m - -5 - 1) + -2. Let n(b) = 2*b - 4. Give n(t).
6
Let n = 7 - 5. Let r(q) = q + 4*q**2 - q**n - q**2 + q**3 - q**2 + 2. Calculate r(0).
2
Suppose 2 = -f - c, c + c = -4*f. Let r(n) = -4*n - 7*n**2 + 3*n + f*n. Let k be ((-2)/6)/((-2)/(-6)). Determine r(k).
-8
Let p(k) = -k**3 - 2*k**2 + k - 2. Suppose 0 = 4*b + 11 + 1. What is p(b)?
4
Let b(s) = s**3 - 4*s**2 - 6*s - 1. Suppose -5*r - 2*d = -19, -4*r - 3*d = 2*d - 22. Suppose 5 = j - 4*k, -r*j - 3*k - 1 = -16. What is b(j)?
-6
Let y be 4 - 7*(-5)/(35/2). Let p(c) = -4*c + 5. Give p(y)